 10 a factor of 32559?
False
Is 631956 a multiple of 214?
False
Is 2632875 a multiple of 87?
False
Does 94 divide 874932?
False
Does 5 divide 124285?
True
Is 1340220 a multiple of 60?
True
Does 11 divide 250855?
True
Is 11 a factor of 242284?
False
Is 58501 a multiple of 6?
False
Is 616 a factor of 4601520?
True
Does 16 divide 47504?
True
Is 42 a factor of 1468460?
False
Does 157 divide 119163?
True
Is 87446 a multiple of 46?
True
Is 2 a factor of 144169?
False
Is 123 a factor of 3375120?
True
Is 30 a factor of 70470?
True
Is 642380 a multiple of 10?
True
Is 5102255 a multiple of 303?
False
Does 3 divide 14?
False
Is 26 a factor of 124462?
True
Is 297 a factor of 55211?
False
Is 20475 a multiple of 15?
True
Is 93 a factor of 896403?
False
Is 2933405 a multiple of 178?
False
Is 584 a factor of 645634?
False
Does 860 divide 18233720?
True
Does 52 divide 307044?
False
Is 102 a factor of 4337333?
False
Is 51 a factor of 1473762?
False
Is 21961848 a multiple of 28?
False
Does 16 divide 1980318?
False
Is 630691 a multiple of 140?
False
Is 26 a factor of 128227?
False
Is 242856 a multiple of 72?
True
Is 305150 a multiple of 17?
True
Does 16 divide 6075817?
False
Does 24 divide 743977?
False
Does 2 divide 363633?
False
Is 1424724 a multiple of 14?
True
Is 205407 a multiple of 158?
False
Does 54 divide 180781?
False
Does 9 divide 27248?
False
Is 28 a factor of 40292?
True
Does 116 divide 96006?
False
Is 10 a factor of 958073?
False
Does 39 divide 4378101?
True
Does 17 divide 31705?
True
Is 5361192 a multiple of 9?
True
Is 537 a factor of 128880?
True
Is 60 a factor of 156300?
True
Is 205801 a multiple of 75?
False
Is 107115 a multiple of 4?
False
Does 19 divide 18378462?
False
Does 213 divide 99301?
False
Does 15 divide 2346405?
True
Is 509 a factor of 116854?
False
Is 96 a factor of 2573393?
False
Does 407 divide 9296694?
True
Does 73 divide 157534?
True
Is 43 a factor of 1603930?
False
Is 271268 a multiple of 146?
True
Does 5 divide 629775?
True
Is 2936845 a multiple of 1525?
False
Is 3544194 a multiple of 169?
False
Is 36 a factor of 555444?
True
Does 7 divide 154238?
True
Does 61 divide 9468359?
True
Is 2827590 a multiple of 30?
True
Does 471 divide 1312206?
True
Is 33605381 a multiple of 412?
False
Is 68 a factor of 5666?
False
Does 5 divide 855865?
True
Is 11097 a multiple of 137?
True
Is 343205 a multiple of 5?
True
Is 18 a factor of 186336?
True
Does 124 divide 15088?
False
Is 242050 a multiple of 235?
True
Is 68 a factor of 17544?
True
Is 8402151 a multiple of 10?
False
Is 118056 a multiple of 180?
False
Does 23 divide 1279881?
True
Is 1080499 a multiple of 24?
False
Does 99 divide 5619141?
True
Is 348679 a multiple of 69?
False
Is 15 a factor of 95111?
False
Does 3 divide 58219?
False
Is 8237700 a multiple of 243?
True
Is 980 a multiple of 10?
True
Does 27 divide 494731?
False
Does 418 divide 2450372?
False
Does 62 divide 139314?
True
Is 1189290 a multiple of 15?
True
Is 8 a factor of 250189?
False
Is 200862 a multiple of 384?
False
Does 111 divide 4388711?
False
Is 476196 a multiple of 12?
True
Does 141 divide 1725005?
False
Is 22959636 a multiple of 14?
True
Is 2849243 a multiple of 708?
False
Is 352434 a multiple of 16?
False
Does 22 divide 2700734?
False
Does 4 divide 73482?
False
Is 1820190 a multiple of 23?
False
Does 506 divide 91586?
True
Is 3583346 a multiple of 40?
False
Is 8717293 a multiple of 46?
False
Does 262 divide 51766?
False
Is 95 a factor of 61708?
False
Is 1720144 a multiple of 16?
True
Does 390 divide 6673290?
True
Is 30 a factor of 156090?
True
Is 103388 a multiple of 252?
False
Is 27 a factor of 3088526?
False
Is 3643920 a multiple of 241?
True
Is 163158 a multiple of 142?
True
Is 23 a factor of 88274?
True
Is 193 a factor of 3487583?
False
Is 182620 a multiple of 46?
True
Is 10 a factor of 20300?
True
Is 6 a factor of 7196499?
False
Does 528 divide 214896?
True
Does 97 divide 13250300?
False
Is 607359 a multiple of 3?
True
Is 107796 a multiple of 11?
False
Is 5232701 a multiple of 589?
False
Does 31 divide 5187537?
False
Is 206883 a multiple of 181?
True
Is 970 a factor of 3105940?
True
Is 55 a factor of 510541?
False
Is 615 a factor of 216130?
False
Is 282 a factor of 321480?
True
Is 2126880 a multiple of 560?
True
Is 4019 a multiple of 36?
False
Is 55 a factor of 975239?
False
Is 15 a factor of 946303?
False
Is 539 a factor of 397243?
True
Does 359 divide 7002075?
False
Does 9 divide 2500678?
False
Does 10 divide 18310?
True
Is 222 a factor of 5175930?
True
Does 181 divide 12227093?
True
Does 12 divide 914481?
False
Is 17 a factor of 175363?
False
Does 14 divide 627480?
True
Is 200 a factor of 245870?
False
Is 329741 a multiple of 5?
False
Is 1227662 a multiple of 127?
False
Is 1299015 a multiple of 9?
True
Does 24 divide 119778?
False
Does 18 divide 533484?
True
Is 364750 a multiple of 284?
False
Is 24 a factor of 3329424?
True
Is 121638 a multiple of 22?
True
Is 181321 a multiple of 9?
False
Does 252 divide 1116731?
False
Does 596 divide 3117676?
True
Is 5 a factor of 5058326?
False
Is 15809062 a multiple of 11?
False
Does 9 divide 1358064?
True
Is 1187943 a multiple of 4?
False
Is 77387 a multiple of 4?
False
Is 29 a factor of 1298864?
False
Is 197146 a multiple of 428?
False
Is 2 a factor of 679118?
True
Is 192947 a multiple of 83?
False
Is 625 a factor of 2115625?
True
Is 5127570 a multiple of 27?
True
Is 6 a factor of 6955695?
False
Does 177 divide 769182?
False
Is 257736 a multiple of 10?
False
Does 441 divide 9058838?
False
Is 3 a factor of 594210?
True
Does 42 divide 168158?
False
Is 185 a factor of 696710?
True
Does 17 divide 59671?
False
Is 7 a factor of 112336?
True
Does 21 divide 874188?
True
Does 19 divide 2075940?
True
Is 298 a factor of 39455?
False
Is 2043856 a multiple of 139?
True
Is 93 a factor of 126387?
True
Is 39 a factor of 1495729?
False
Does 400 divide 437813?
False
Is 3515773 a multiple of 1451?
True
Does 9 divide 337064?
False
Is 14222040 a multiple of 105?
True
Is 86 a factor of 612318?
False
Does 86 divide 534920?
True
Is 125964 a multiple of 2?
True
Is 10 a factor of 43018?
False
Is 19 a factor of 3045234?
False
Is 547584 a multiple of 184?
True
Does 101 divide 437532?
True
Does 67 divide 6258872?
True
Does 3 divide 401820?
True
Is 884 a factor of 1569537?
False
Is 33159 a multiple of 21?
True
Is 83 a factor of 352169?
True
Does 266 divide 2759152?
False
Is 9991337 a multiple of 13?
False
Is 15379 a multiple of 7?
True
Does 6 divide 9436?
False
Does 55 divide 3364020?
True
Is 7029510 a multiple of 30?
True
Does 81 divide 3958551?
True
Is 96 a factor of 276219?
False
Is 59 a factor of 2226542?
True
Does 194 divide 8027914?
True
Is 306016 a multiple of 292?
True
Does 130 divide 244788?
False
Is 5 a factor of 320085?
True
Is 334304 a multiple of 6?
False
Is 1883062 a multiple of 17?
False
Is 16755648 a multiple of 1867?
False
Does 28 divide 337420?
False
Does 100 divide 5226732?
False
Is 240 a factor of 558088?
False
Does 7 divide 264973?
False
Does 9 divide 327564?
True
Is 322668 a multiple of 119?
False
Does 99 divide 294529?
False
Is 614692 a multiple of 26?
True
Is 212 a factor of 2767448?
True
Is 13 a factor of 75972?
True
Does 1194 divide 11781198?
True
Is 6 a factor of 63690?
True
Is 40 a factor of 565095?
False
Is 4 a factor of 872000?
True
Is 6 a factor of 74508?
True
Does 8 divide 4977936?
True
Does 25 divide 2425753?
False
Is 428742 a multiple of 5?
False
Is 284421 a multiple of 9?
False
Is 7366464 a multiple of 112?
True
Does 601 divide 8567113?
False
Does 18 divide 21888?
True
Does 250 divide 151500?
True
Is 259 a factor of 3049725?
True
Is 21 a factor of 731743?
False
Is 765677 a multiple of 360?
False
Is 170 a factor of 128690?
True
Does 12 divide 15078?
False
Is 693 a factor of 729729?
True
Is 37 a factor of 330302?
False
Is 12 a factor of 123816?
True
Is 97 a factor of 1316581?
True
Does 8 divide 173120?
True
Does 23 divide 245989?
False
Is 993072 a multiple of 408?
True
Is 3721245 a multiple of 234?
False
Is 3663319 a multiple of 239?
False
Does 35 divide 1928115?
True
Is 55854 a multiple of 174?
True
Is 2453208 a multiple of 389?
False
Is 344112 a multiple of 402?
True
Does 319 divide 1536942?
True
Is 64216 a multiple of 11?
False
Does 433 divide 89770?
False
Is 35